 remainder when 400 is divided by 15.
10
What is the remainder when 333 is divided by 118?
97
What is the remainder when 347 is divided by 12?
11
What is the remainder when 464 is divided by 69?
50
What is the remainder when 732 is divided by 37?
29
Calculate the remainder when 2830 is divided by 48.
46
What is the remainder when 476 is divided by 195?
86
What is the remainder when 170 is divided by 47?
29
What is the remainder when 911 is divided by 19?
18
What is the remainder when 235 is divided by 181?
54
Calculate the remainder when 290 is divided by 100.
90
Calculate the remainder when 197 is divided by 55.
32
What is the remainder when 1117 is divided by 556?
5
Calculate the remainder when 74 is divided by 11.
8
Calculate the remainder when 75 is divided by 43.
32
Calculate the remainder when 66 is divided by 5.
1
What is the remainder when 7 is divided by 2?
1
Calculate the remainder when 809 is divided by 28.
25
Calculate the remainder when 222 is divided by 57.
51
What is the remainder when 1534 is divided by 81?
76
Calculate the remainder when 139 is divided by 51.
37
Calculate the remainder when 1309 is divided by 121.
99
Calculate the remainder when 3379 is divided by 49.
47
What is the remainder when 212 is divided by 18?
14
What is the remainder when 124 is divided by 25?
24
What is the remainder when 658 is divided by 4?
2
Calculate the remainder when 296 is divided by 73.
4
What is the remainder when 170 is divided by 21?
2
What is the remainder when 2911 is divided by 43?
30
What is the remainder when 535 is divided by 382?
153
Calculate the remainder when 2166 is divided by 720.
6
What is the remainder when 1119 is divided by 51?
48
What is the remainder when 23603 is divided by 58?
55
Calculate the remainder when 3507 is divided by 39.
36
What is the remainder when 1099 is divided by 29?
26
What is the remainder when 559 is divided by 491?
68
What is the remainder when 494 is divided by 177?
140
What is the remainder when 333 is divided by 12?
9
What is the remainder when 985 is divided by 139?
12
Calculate the remainder when 85 is divided by 19.
9
What is the remainder when 2472 is divided by 21?
15
Calculate the remainder when 6238 is divided by 12.
10
Calculate the remainder when 866 is divided by 79.
76
What is the remainder when 63 is divided by 23?
17
What is the remainder when 124 is divided by 13?
7
What is the remainder when 1074 is divided by 121?
106
What is the remainder when 221 is divided by 66?
23
Calculate the remainder when 240 is divided by 29.
8
Calculate the remainder when 113 is divided by 14.
1
Calculate the remainder when 134 is divided by 43.
5
What is the remainder when 289 is divided by 13?
3
Calculate the remainder when 553 is divided by 56.
49
Calculate the remainder when 183 is divided by 61.
0
What is the remainder when 51 is divided by 29?
22
What is the remainder when 2802 is divided by 15?
12
What is the remainder when 18 is divided by 2?
0
Calculate the remainder when 561 is divided by 80.
1
What is the remainder when 1197 is divided by 2?
1
What is the remainder when 15091 is divided by 39?
37
Calculate the remainder when 866 is divided by 19.
11
Calculate the remainder when 752 is divided by 28.
24
Calculate the remainder when 823 is divided by 107.
74
Calculate the remainder when 292 is divided by 8.
4
What is the remainder when 570 is divided by 11?
9
Calculate the remainder when 494 is divided by 32.
14
Calculate the remainder when 57253 is divided by 17.
14
Calculate the remainder when 103 is divided by 94.
9
Calculate the remainder when 323 is divided by 27.
26
Calculate the remainder when 17517 is divided by 80.
77
What is the remainder when 513 is divided by 45?
18
What is the remainder when 67 is divided by 15?
7
Calculate the remainder when 3519 is divided by 10.
9
Calculate the remainder when 70 is divided by 24.
22
What is the remainder when 81 is divided by 70?
11
Calculate the remainder when 935 is divided by 441.
53
What is the remainder when 10456 is divided by 4?
0
What is the remainder when 2237 is divided by 56?
53
What is the remainder when 182 is divided by 23?
21
Calculate the remainder when 1456 is divided by 20.
16
Calculate the remainder when 193 is divided by 36.
13
What is the remainder when 329 is divided by 91?
56
Calculate the remainder when 149 is divided by 23.
11
What is the remainder when 176 is divided by 47?
35
Calculate the remainder when 28 is divided by 16.
12
What is the remainder when 6070 is divided by 3?
1
Calculate the remainder when 334 is divided by 75.
34
Calculate the remainder when 139 is divided by 52.
35
What is the remainder when 117 is divided by 75?
42
What is the remainder when 90 is divided by 48?
42
What is the remainder when 367 is divided by 8?
7
What is the remainder when 246 is divided by 117?
12
What is the remainder when 457 is divided by 77?
72
Calculate the remainder when 4216 is divided by 6.
4
Calculate the remainder when 8258 is divided by 10.
8
Calculate the remainder when 261 is divided by 103.
55
What is the remainder when 79 is divided by 17?
11
Calculate the remainder when 132 is divided by 40.
12
Calculate the remainder when 11621 is divided by 6.
5
What is the remainder when 334 is divided by 12?
10
Calculate the remainder when 268 is divided by 68.
64
What is the remainder when 315 is divided by 81?
72
Calculate the remainder when 543 is divided by 13.
10
Calculate the remainder when 263 is divided by 257.
6
What is the remainder when 86 is divided by 19?
10
What is the remainder when 337 is divided by 18?
13
What is the remainder when 683 is divided by 69?
62
What is the remainder when 654 is divided by 322?
10
What is the remainder when 185 is divided by 36?
5
Calculate the remainder when 144 is divided by 65.
14
What is the remainder when 415 is divided by 32?
31
What is the remainder when 116 is divided by 6?
2
Calculate the remainder when 58 is divided by 13.
6
Calculate the remainder when 233 is divided by 36.
17
What is the remainder when 116 is divided by 71?
45
Calculate the remainder when 2283 is divided by 127.
124
Calculate the remainder when 17 is divided by 10.
7
What is the remainder when 173 is divided by 44?
41
Calculate the remainder when 70 is divided by 32.
6
What is the remainder when 294 is divided by 8?
6
What is the remainder when 1634 is divided by 507?
113
Calculate the remainder when 5064 is divided by 22.
4
Calculate the remainder when 86 is divided by 18.
14
What is the remainder when 846 is divided by 144?
126
What is the remainder when 10635 is divided by 9?
6
What is the remainder when 9179 is divided by 36?
35
Calculate the remainder when 132 is divided by 14.
6
Calculate the remainder when 245 is divided by 54.
29
What is the remainder when 565 is divided by 44?
37
Calculate the remainder when 24914 is divided by 55.
54
What is the remainder when 103 is divided by 16?
7
Calculate the remainder when 137 is divided by 59.
19
Calculate the remainder when 469 is divided by 76.
13
What is the remainder when 355 is divided by 152?
51
Calculate the remainder when 797 is divided by 21.
20
What is the remainder when 79 is divided by 41?
38
What is the remainder when 917 is divided by 302?
11
Calculate the remainder when 14654 is divided by 3.
2
Calculate the remainder when 665 is divided by 111.
110
What is the remainder when 5667 is divided by 15?
12
What is the remainder when 344 is divided by 112?
8
Calculate the remainder when 1174 is divided by 94.
46
Calculate the remainder when 536 is divided by 274.
262
What is the remainder when 331 is divided by 83?
82
What is the remainder when 260 is divided by 53?
48
What is the remainder when 5599 is divided by 200?
199
Calculate the remainder when 799 is divided by 32.
31
What is the remainder when 898 is divided by 25?
23
What is the remainder when 281 is divided by 22?
17
Calculate the remainder when 209 is divided by 11.
0
Calculate the remainder when 72 is divided by 22.
6
Calculate the remainder when 2686 is divided by 56.
54
What is the remainder when 175 is divided by 13?
6
Calculate the remainder when 246 is divided by 114.
18
Calculate the remainder when 343 is divided by 69.
67
Calculate the remainder when 337 is divided by 18.